the prime factors of 84412346?
2, 23, 1835051
List the prime factors of 18285265.
5, 53, 69001
What are the prime factors of 524938701?
3, 7, 1297, 19273
List the prime factors of 7162632.
2, 3, 53, 1877
What are the prime factors of 132604355?
5, 13, 137, 14891
List the prime factors of 267748017.
3, 1721, 51859
What are the prime factors of 23549388?
2, 3, 1962449
List the prime factors of 4365705649.
59, 3391, 21821
What are the prime factors of 1245041873?
1245041873
What are the prime factors of 53475321?
3, 17825107
List the prime factors of 25902475.
5, 17, 59, 1033
What are the prime factors of 13501731?
3, 4500577
What are the prime factors of 124626098?
2, 23, 2709263
What are the prime factors of 45239543?
45239543
List the prime factors of 81455472.
2, 3, 7, 80809
What are the prime factors of 45892934?
2, 859, 26713
List the prime factors of 63948662.
2, 17, 1880843
List the prime factors of 66143424.
2, 3, 344497
List the prime factors of 114727319.
7, 89, 184153
What are the prime factors of 16087515?
3, 5, 193, 5557
What are the prime factors of 165899755?
5, 7, 31, 107, 1429
What are the prime factors of 96360095?
5, 13, 53, 83, 337
List the prime factors of 6490446808.
2, 7793, 104107
What are the prime factors of 5838482?
2, 13, 41, 5477
What are the prime factors of 8647654803?
3, 2882551601
What are the prime factors of 813387904?
2, 7, 307, 2957
What are the prime factors of 42209135?
5, 31, 272317
List the prime factors of 39931327.
39931327
What are the prime factors of 1684844483?
7, 17, 14158357
What are the prime factors of 276107435?
5, 55221487
What are the prime factors of 469034497?
43, 2789, 3911
What are the prime factors of 910492686?
2, 3, 3539, 14293
What are the prime factors of 126728698?
2, 63364349
What are the prime factors of 19011169?
139, 233, 587
List the prime factors of 1663028869.
23, 72305603
List the prime factors of 110170053.
3, 7, 37, 151, 313
List the prime factors of 728917843.
19, 313, 6451
What are the prime factors of 795951225?
3, 5, 23, 167, 307
What are the prime factors of 170056912?
2, 10628557
List the prime factors of 358240782.
2, 3, 19, 83, 37861
List the prime factors of 250764806.
2, 125382403
What are the prime factors of 1380366787?
3823, 361069
List the prime factors of 3636308817.
3, 404034313
What are the prime factors of 548772781?
173, 3172097
List the prime factors of 2110193174.
2, 59, 79, 226367
What are the prime factors of 49623365?
5, 11, 683, 1321
List the prime factors of 380278551.
3, 47, 53, 151, 337
What are the prime factors of 1115041502?
2, 557520751
List the prime factors of 1631047.
11, 29, 5113
List the prime factors of 306107741.
10687, 28643
List the prime factors of 21817622.
2, 829, 13159
List the prime factors of 382083333.
3, 367, 347033
What are the prime factors of 105580521?
3, 1093, 10733
List the prime factors of 715964571.
3, 7, 17, 167, 4003
List the prime factors of 3457188212.
2, 47, 18389299
List the prime factors of 5662305647.
69163, 81869
What are the prime factors of 48140793?
3, 677, 7901
List the prime factors of 152518842.
2, 3, 7, 23, 53, 331
What are the prime factors of 9971426?
2, 37, 47, 61
List the prime factors of 4770341.
139, 34319
What are the prime factors of 58073355?
3, 5, 47797
What are the prime factors of 2391029001?
3, 211, 1259099
List the prime factors of 25917624.
2, 3, 97, 1237
List the prime factors of 1347028980.
2, 3, 5, 11, 977, 2089
List the prime factors of 24491855.
5, 19, 103, 2503
List the prime factors of 173328291.
3, 79, 243781
What are the prime factors of 124444906?
2, 307, 202679
What are the prime factors of 20555823?
3, 101, 179, 379
What are the prime factors of 95770094?
2, 7, 6840721
List the prime factors of 291545787.
3, 13, 29, 79, 251
List the prime factors of 34883992.
2, 11, 13, 30493
List the prime factors of 2125565498.
2, 7, 29, 5235383
List the prime factors of 271267116.
2, 3, 22605593
List the prime factors of 2812870111.
439, 6407449
List the prime factors of 174507405.
3, 5, 11633827
What are the prime factors of 253576974?
2, 3, 7, 6037547
List the prime factors of 822385739.
7, 117483677
List the prime factors of 329634406.
2, 37, 47, 94777
What are the prime factors of 138810582?
2, 3, 7711699
What are the prime factors of 207877051?
1117, 186103
List the prime factors of 216574276.
2, 54143569
List the prime factors of 69073789.
69073789
What are the prime factors of 7005831?
3, 7, 149, 2239
What are the prime factors of 281082382?
2, 7, 20077313
What are the prime factors of 234436713?
3, 7, 11163653
List the prime factors of 28569515.
5, 13, 419, 1049
List the prime factors of 584832366.
2, 3, 10830229
What are the prime factors of 340608762?
2, 3, 13, 43, 33851
List the prime factors of 36873065.
5, 29, 109, 2333
List the prime factors of 34014602.
2, 97, 175333
List the prime factors of 504105594.
2, 3, 503, 167033
What are the prime factors of 679847111?
14923, 45557
List the prime factors of 118343018.
2, 17, 3480677
List the prime factors of 37357354.
2, 2971, 6287
List the prime factors of 40323736.
2, 5040467
List the prime factors of 9391773.
3, 613, 5107
List the prime factors of 53523060.
2, 3, 5, 419, 2129
What are the prime factors of 2488008256?
2, 23, 53, 31891
What are the prime factors of 792595775?
5, 659, 48109
What are the prime factors of 991281588?
2, 3, 11, 7509709
List the prime factors of 140788840.
2, 5, 701, 5021
List the prime factors of 707584812.
2, 3, 11, 17, 47, 6709
List the prime factors of 2089460154.
2, 3, 3931, 88589
What are the prime factors of 220147077?
3, 37, 379, 5233
What are the prime factors of 702553?
31, 131, 173
What are the prime factors of 63688500?
2, 3, 5, 14153
What are the prime factors of 86173342?
2, 193, 223247
What are the prime factors of 111147489?
3, 12349721
What are the prime factors of 108572295?
3, 5, 13, 556781
List the prime factors of 26206797.
3, 59, 148061
List the prime factors of 131329216.
2, 17, 19, 6353
List the prime factors of 2385909278.
2, 23, 3889, 13337
What are the prime factors of 5861564575?
5, 234462583
List the prime factors of 90599744.
2, 137, 10333
List the prime factors of 61707341.
61707341
List the prime factors of 86228446.
2, 167, 431, 599
List the prime factors of 416553398.
2, 421, 494719
What are the prime factors of 157743369?
3, 7, 278207
List the prime factors of 42854495.
5, 8570899
What are the prime factors of 5637001107?
3, 43, 1489, 29347
What are the prime factors of 359716290?
2, 3, 5, 29, 113, 3659
What are the prime factors of 43182052?
2, 10795513
What are the prime factors of 57460326?
2, 3, 7, 11, 277, 449
List the prime factors of 5456656584.
2, 3, 25262299
What are the prime factors of 5797726558?
2, 13, 222989483
List the prime factors of 3855775107.
3, 409, 3142441
What are the prime factors of 622985155?
5, 13, 2693, 3559
List the prime factors of 33830476.
2, 17, 497507
List the prime factors of 47794322.
2, 23, 1039007
What are the prime factors of 873386635?
5, 11, 15879757
What are the prime factors of 12162121?
12162121
What are the prime factors of 663614870?
2, 5, 3037, 21851
List the prime factors of 2320106831.
7, 71, 666889
List the prime factors of 4061528786.
2, 7, 17, 439, 38873
What are the prime factors of 742323742?
2, 211, 271, 6491
List the prime factors of 156665233.
9227, 16979
What are the prime factors of 2663666?
2, 1019, 1307
List the prime factors of 4571765035.
5, 17, 53785471
What are the prime factors of 7302212535?
3, 5, 53, 9185173
What are the prime factors of 62914637?
17, 23, 160907
What are the prime factors of 62647023?
3, 17, 1228373
What are the prime factors of 179127402?
2, 3, 17, 19, 5437
List the prime factors of 301986364.
2, 101, 773, 967
List the prime factors of 106829126.
2, 149, 358487
What are the prime factors of 93835757?
41, 2288677
List the prime factors of 40863322.
2, 20431661
What are the prime factors of 362842?
2, 181421
List the prime factors of 54206294.
2, 27103147
List the prime factors of 41549455.
5, 31, 181, 1481
List the prime factors of 1654145569.
37, 1873, 23869
What are the prime factors of 840836118?
2, 3, 41, 3418033
List the prime factors of 7970000377.
907, 8787211
What are the 